{"id":77,"date":"2023-11-07T08:51:02","date_gmt":"2023-11-07T08:51:02","guid":{"rendered":"https:\/\/nijegaast.nl\/itfinster\/?page_id=77"},"modified":"2026-03-12T09:28:12","modified_gmt":"2026-03-12T08:28:12","slug":"verlof","status":"publish","type":"page","link":"https:\/\/nijegaast.nl\/itfinster\/verlof\/","title":{"rendered":"MR, KBG en AC"},"content":{"rendered":"<h3>MR<\/h3>\n<p>Onze medezeggenschapsraad (MR) bestaat uit een oudergeleding en een personeelsgeleding. Voor een aantal besluiten hebben wij vooraf advies of instemming van de MR nodig. U kunt denken aan beleidszaken. De MR vergadert zes keer per jaar over schoolbeleid dat met het personeel en ouders te maken heeft, zoals formatie, vakantierooster, schoolgids en schoolplan. Op It Finster wordt de MR gevormd door drie vertegenwoordigers van het personeel van de school en drie vertegenwoordigers van de ouders.<\/p>\n<p>De MR bestaat uit de volgende personen:<\/p>\n<ul>\n<li>Afke Weerstra<\/li>\n<li>Sandra Henry de Jong<\/li>\n<li>Janine Sikma<\/li>\n<li>Aeltsje Visser<\/li>\n<li>Nancy Stienstra<\/li>\n<li>Sippy de Jong<\/li>\n<\/ul>\n<h3><strong><a href=\"https:\/\/nijegaast.nl\/itfinster\/wp-content\/uploads\/2025\/11\/Jaarverslag-MR-2024-2025.pdf\">Jaarverslag MR 2024-2025<\/a><\/strong><\/h3>\n<p>&nbsp;<\/p>\n<h3>KBG<\/h3>\n<p>De klankbordgroep bestaat 8 ouders, die 3 a 4 keer per jaar samen met de directeur in gesprek gaan over praktische zaken op school. Hierbij kunnen zowel ouders als de directeur bespreekpunten aanleveren. Het is\u202feen open gesprek\u202fover een onderwerp dat zowel de school als ouders raakt. Ouders nemen in principe voor 4 jaar deel aan de klankbordgroep. <span data-olk-copy-source=\"MessageBody\"> Deze groep ouders is verdeeld over de onderbouw, middenbouw en bovenbouw. De klankbordgroep is extra voelsprieten voor de directeur om te weten wat er leeft onder de ouders. Met de klankbordgroep worden door de directeur ook schoolontwikkelingen gespiegeld. De mening van de klankbordgroep wordt meegenomen in vervolgkeuzes. <\/span><span data-olk-copy-source=\"MessageBody\">De klankbordgroep heeft geen beslissingsbevoegdheid.\u00a0<\/span><\/p>\n<h3>AC<\/h3>\n<p>In de activiteitencommissie (AC) van It Finster zitten een aantal enthousiaste ouders die ons helpen bij het organiseren en uitvoeren van diverse schooluitjes, excursies, feesten en activiteiten. Gelukkig doen we het samen, want deze helpende handen hebben we echt nodig! De AC probeert naast het ondersteunen van activiteiten v\u00f3\u00f3r, d\u00f3\u00f3r en m\u00e9t de kinderen ook de betrokkenheid van de ouders bij de school te vergroten.<br \/>\nBijvoorbeeld:<br \/>\n\u2022 Eerste schooldag<br \/>\n\u2022 Sinterklaasviering<br \/>\n\u2022 Kerstviering<br \/>\n\u2022 Inloop nieuwe kalenderjaar<br \/>\n\u2022 Paasviering<br \/>\n\u2022 Schoolfotograaf<br \/>\n\u2022 Laatste schoolweek<br \/>\n\u2022 Koningsspelen<br \/>\nVerder kan de hulp van ouders gevraagd worden bij excursies en worden de ouders\u00a0 (samen met een kind uit groep 7 en 8) ingezet als klaar-overs.<\/p>\n","protected":false},"excerpt":{"rendered":"<p>MR Onze medezeggenschapsraad (MR) bestaat uit een oudergeleding en een personeelsgeleding. Voor een aantal besluiten hebben wij vooraf advies of instemming van de MR nodig. U kunt denken aan beleidszaken. De MR vergadert zes keer per jaar over schoolbeleid dat met het personeel en ouders te maken heeft, zoals formatie, vakantierooster, schoolgids en schoolplan. Op [&hellip;]<\/p>\n","protected":false},"author":1,"featured_media":0,"parent":0,"menu_order":0,"comment_status":"closed","ping_status":"closed","template":"","meta":{"_acf_changed":false,"inline_featured_image":false,"footnotes":""},"class_list":["post-77","page","type-page","status-publish","hentry"],"acf":[],"_links":{"self":[{"href":"https:\/\/nijegaast.nl\/itfinster\/wp-json\/wp\/v2\/pages\/77","targetHints":{"allow":["GET"]}}],"collection":[{"href":"https:\/\/nijegaast.nl\/itfinster\/wp-json\/wp\/v2\/pages"}],"about":[{"href":"https:\/\/nijegaast.nl\/itfinster\/wp-json\/wp\/v2\/types\/page"}],"author":[{"embeddable":true,"href":"https:\/\/nijegaast.nl\/itfinster\/wp-json\/wp\/v2\/users\/1"}],"replies":[{"embeddable":true,"href":"https:\/\/nijegaast.nl\/itfinster\/wp-json\/wp\/v2\/comments?post=77"}],"version-history":[{"count":7,"href":"https:\/\/nijegaast.nl\/itfinster\/wp-json\/wp\/v2\/pages\/77\/revisions"}],"predecessor-version":[{"id":714,"href":"https:\/\/nijegaast.nl\/itfinster\/wp-json\/wp\/v2\/pages\/77\/revisions\/714"}],"wp:attachment":[{"href":"https:\/\/nijegaast.nl\/itfinster\/wp-json\/wp\/v2\/media?parent=77"}],"curies":[{"name":"wp","href":"https:\/\/api.w.org\/{rel}","templated":true}]}}