{"id":77,"date":"2023-11-07T08:51:02","date_gmt":"2023-11-07T08:51:02","guid":{"rendered":"https:\/\/nijegaast.nl\/dewalikker\/?page_id=77"},"modified":"2024-02-14T11:23:14","modified_gmt":"2024-02-14T10:23:14","slug":"mr-or","status":"publish","type":"page","link":"https:\/\/nijegaast.nl\/dewalikker\/mr-or\/","title":{"rendered":"MR en OR"},"content":{"rendered":"<h3>MR<\/h3>\n<p>De Medezeggenschapsraad (MR) houdt zich bezig met het beleid van de school. De raad bestaat uit twee personeelsleden (personeelsgeleding) en twee ouders (oudergeleding). De MR in een officieel inspraakorgaan conform de Wet Medezeggenschap Scholen (WMS). Op een aantal besluitvoornemens van de directie en het bestuur heeft de MR advies- of instemmingsrecht (bv. formatie, vakantieregeling, begroting, schoolgids). De MR kan de directie en het bestuur ook gevraagd of ongevraagd advies geven. Als ouder kunt u met vragen bij de oudergeleding van de MR terecht. De namen van de leden vindt u in de schoolgids.<\/p>\n<h3>OR<\/h3>\n<p>De ouderraad (OR) houdt zich bezig met de vieringen op school. Zij geeft kleur aan de school en zorgen er samen met de leerkrachten voor dat alle activiteiten die buiten het reguliere lesprogramma vallen (bv. Sinterklaasfeest, kerstviering, paasviering) goed georganiseerd worden. We zijn erg blij met zo\u2019n actieve ouderraad waardoor we leuke vieringen kunnen organiseren.\u00a0De OR bestaat uit zes ouders. Daarnaast is \u00e9\u00e9n van onze leerkrachten benoemd als evenementenco\u00f6rdinator. Zij is contactpersoon vanuit school voor de OR.<\/p>\n","protected":false},"excerpt":{"rendered":"<p>MR De Medezeggenschapsraad (MR) houdt zich bezig met het beleid van de school. De raad bestaat uit twee personeelsleden (personeelsgeleding) en twee ouders (oudergeleding). De MR in een officieel inspraakorgaan conform de Wet Medezeggenschap Scholen (WMS). Op een aantal besluitvoornemens van de directie en het bestuur heeft de MR advies- of instemmingsrecht (bv. formatie, vakantieregeling, [&hellip;]<\/p>\n","protected":false},"author":1,"featured_media":0,"parent":0,"menu_order":0,"comment_status":"closed","ping_status":"closed","template":"","meta":{"_acf_changed":false,"inline_featured_image":false,"footnotes":""},"class_list":["post-77","page","type-page","status-publish","hentry"],"acf":[],"_links":{"self":[{"href":"https:\/\/nijegaast.nl\/dewalikker\/wp-json\/wp\/v2\/pages\/77","targetHints":{"allow":["GET"]}}],"collection":[{"href":"https:\/\/nijegaast.nl\/dewalikker\/wp-json\/wp\/v2\/pages"}],"about":[{"href":"https:\/\/nijegaast.nl\/dewalikker\/wp-json\/wp\/v2\/types\/page"}],"author":[{"embeddable":true,"href":"https:\/\/nijegaast.nl\/dewalikker\/wp-json\/wp\/v2\/users\/1"}],"replies":[{"embeddable":true,"href":"https:\/\/nijegaast.nl\/dewalikker\/wp-json\/wp\/v2\/comments?post=77"}],"version-history":[{"count":6,"href":"https:\/\/nijegaast.nl\/dewalikker\/wp-json\/wp\/v2\/pages\/77\/revisions"}],"predecessor-version":[{"id":465,"href":"https:\/\/nijegaast.nl\/dewalikker\/wp-json\/wp\/v2\/pages\/77\/revisions\/465"}],"wp:attachment":[{"href":"https:\/\/nijegaast.nl\/dewalikker\/wp-json\/wp\/v2\/media?parent=77"}],"curies":[{"name":"wp","href":"https:\/\/api.w.org\/{rel}","templated":true}]}}